{"id":2,"date":"2011-10-26T14:11:21","date_gmt":"2011-10-26T12:11:21","guid":{"rendered":"http:\/\/martin.brunsmann.org\/kontakt\/"},"modified":"2017-06-04T14:11:11","modified_gmt":"2017-06-04T13:11:11","slug":"impressum","status":"publish","type":"page","link":"https:\/\/martin.brunsmann.org\/?page_id=2","title":{"rendered":"Impressum"},"content":{"rendered":"<p><em><strong>Gl\u00fcck auf!<\/strong><\/em> und <em><strong>Herzlich Willkommen!<\/strong><\/em><\/p>\n<p>Hier bloggt der <em><strong>G\u00e4stef\u00fchrer aus Leidenschaft<\/strong><\/em> \u00fcber viele bekannte und auch vielleicht eher unbekannte Dinge aus den Regionen <strong>Ruhrgebiet<\/strong> und <strong>Sauerland<\/strong> &#8211; gew\u00fcrzt mit einer Prise <strong>M\u00fcnsterland<\/strong> und <strong>Ostwestfalen<\/strong>. Und auch der Dunstkreis umzu fehlt nicht &#8211; ein wenig Eifel oder Bergisches Land &#8211; hin und wieder auch mal K\u00f6ln oder die (naja) Landeshauptstadt.<\/p>\n<div class=\"text_exposed_show\">\n<p>Dabei gibt es auch oft pers\u00f6nliche Meinungen zu Ausflugszielen, Gastronomie und Hotellerie, Wanderwegen und so &#8211; von &#8222;Altobelli!!&#8220; bis &#8222;Kannze knicken!&#8220;.<\/p>\n<\/div>\n<div id=\"attachment_466\" style=\"width: 810px\" class=\"wp-caption aligncenter\"><a href=\"https:\/\/martin.brunsmann.org\/wp-content\/uploads\/2013\/12\/myRegioGuide-Profilbild-03.jpg\"><img loading=\"lazy\" decoding=\"async\" aria-describedby=\"caption-attachment-466\" class=\"size-full wp-image-466\" src=\"https:\/\/martin.brunsmann.org\/wp-content\/uploads\/2013\/12\/myRegioGuide-Profilbild-03.jpg\" alt=\"myRegioGuide Profilbild\" width=\"800\" height=\"600\" srcset=\"https:\/\/martin.brunsmann.org\/wp-content\/uploads\/2013\/12\/myRegioGuide-Profilbild-03.jpg 800w, https:\/\/martin.brunsmann.org\/wp-content\/uploads\/2013\/12\/myRegioGuide-Profilbild-03-200x150.jpg 200w, https:\/\/martin.brunsmann.org\/wp-content\/uploads\/2013\/12\/myRegioGuide-Profilbild-03-400x300.jpg 400w\" sizes=\"auto, (max-width: 800px) 100vw, 800px\" \/><\/a><p id=\"caption-attachment-466\" class=\"wp-caption-text\">Suchbild &#8211; Wo ist der TourGuide?<\/p><\/div>\n<p><span style=\"font-family: Verdana; font-size: 10pt;\">Diplom-Kaufmann | G\u00e4stef\u00fchrer (IHK)<br \/>\n<strong>Martin H. Brunsmann<\/strong><br \/>\nKirchen- und Kulturlandschaftsf\u00fchrer | (Gesundheits)Wanderf\u00fchrer (DWV\/SGV) |<br \/>\nNatur- und Landschaftsf\u00fchrer (BANU)<br \/>\n<a href=\"http:\/\/www.myregioguide.info\" target=\"_blank\" rel=\"noopener noreferrer\">myRegioGuide<\/a> &#8211; EventKulTOURen zwischen Lippe, Emscher\u00a0und Ruhr in Zusammenarbeit mit <\/span><span style=\"font-family: Verdana; font-size: 10pt;\"><span style=\"font-family: Verdana; font-size: 10pt;\"><a href=\"http:\/\/www.revierprofis.de\/brunsmann.html\" target=\"_blank\" rel=\"noopener noreferrer\">Die Revierprofis<\/a>\u00a0&#8211; Professionelle G\u00e4stef\u00fchrer im Ruhrgebiet und <a href=\"http:\/\/www.landschaftlesenlernen.de\" target=\"_blank\" rel=\"noopener noreferrer\">Landschaft lesen lernen in S\u00fcdwestfalen<\/a> &#8211; Netzwerk Kulturlandschaftsf\u00fchrer\/innen e.V.<\/span><br \/>\n<span style=\"font-family: Verdana; font-size: 10pt;\"><br \/>\nBergstra\u00dfe 41 | 59069 Hamm\/Westf.<br \/>\nTelefon: +49(2385)4749 723<br \/>\nTelefax: +49(2385)4749 742<br \/>\nHomepage: <a href=\"http:\/\/www.g\u00e4stef\u00fchrer.ruhr\">www.g\u00e4stef\u00fchrer.ruhr<\/a><br \/>\n<a href=\"http:\/\/www.myregioguide.info\/impressum\/kontaktformular\/\" target=\"_blank\" rel=\"noopener noreferrer\">E-Mail \u00fcber das Kontaktformular<\/a><\/span><\/span><\/p>\n<p><!-- BEGIN PARTNER PROGRAM - DO NOT CHANGE THE PARAMETERS OF THE HYPERLINK --> <span style=\"font-family: Verdana; font-size: 10pt;\"><strong>Foto-\/Kartenmaterial<\/strong><br \/>\nDas Copyright aller vorhandenen Bilder liegt bei <strong><em><strong>myRegioGuide<\/strong><\/em><\/strong>\/Martin Brunsmann. Eventuelle Ausnahmen werden direkt am Bild durch Angabe der Quelle und Lizenzierung dokumentiert.<br \/>\nDie vorhandenen Kartenabbildungen bzw. Links dorthin wurden, falls nichts anderes angegeben, dem Projekt <a href=\"http:\/\/www.openstreetmap.de\/index.html\" target=\"_blank\" rel=\"noopener noreferrer\">OSM &#8211; OpenStreetMap<\/a> entnommen und stehen unter der\u00a0Lizenz <a href=\"http:\/\/opendatacommons.org\/licenses\/odbl\/\" target=\"_blank\" rel=\"noopener noreferrer\">Open Database Licence (ODbL) 1.0<\/a>.<\/span><br \/>\n<span style=\"font-family: Verdana; font-size: 10pt;\"><br \/>\nWeitere Angaben zum <strong>Impressum<\/strong>, <strong>Haftungsausschluss<\/strong>, <strong>Datenschutzerkl\u00e4rung(en)<\/strong> und\u00a0<strong>AGB<\/strong> auf <a href=\"http:\/\/www.myregioguide.info\/impressum\/\" target=\"_blank\" rel=\"noopener noreferrer\">dieser Seite<\/a>.<\/span><\/p>\n<hr noshade=\"noshade\" size=\"5\" width=\"100%\" \/>\n<p><a href=\"\/\/www.adcell.de\/promotion\/click\/promoId\/79487\/slotId\/59820\" target=\"_blank\" rel=\"noopener noreferrer\"> <img loading=\"lazy\" decoding=\"async\" src=\"\/\/www.adcell.de\/promotion\/image\/promoId\/79487\/slotId\/59820\" alt=\"rent-a-guide.de\" width=\"728\" height=\"90\" border=\"0\" \/><\/a><\/p>\n<p><span style=\"border-radius: 2px; text-indent: 20px; width: auto; padding: 0px 4px 0px 0px; text-align: center; font: bold 11px\/20px 'Helvetica Neue',Helvetica,sans-serif; color: #ffffff; background: #bd081c no-repeat scroll 3px 50% \/ 14px 14px; position: absolute; opacity: 1; z-index: 8675309; display: none; cursor: pointer; top: 262px; left: 31px;\">Merken<\/span><\/p>\n<p><span style=\"border-radius: 2px; text-indent: 20px; width: auto; padding: 0px 4px 0px 0px; text-align: center; font: bold 11px\/20px 'Helvetica Neue',Helvetica,sans-serif; color: #ffffff; background: #bd081c no-repeat scroll 3px 50% \/ 14px 14px; position: absolute; opacity: 1; z-index: 8675309; display: none; cursor: pointer; top: 262px; left: 31px;\">Merken<\/span><\/p>\n<p><span style=\"border-radius: 2px; text-indent: 20px; width: auto; padding: 0px 4px 0px 0px; text-align: center; font: bold 11px\/20px 'Helvetica Neue',Helvetica,sans-serif; color: #ffffff; background: #bd081c no-repeat scroll 3px 50% \/ 14px 14px; position: absolute; opacity: 1; z-index: 8675309; display: none; cursor: pointer;\">Merken<\/span><\/p>\n<p><span style=\"border-radius: 2px; text-indent: 20px; width: auto; padding: 0px 4px 0px 0px; text-align: center; font: bold 11px\/20px 'Helvetica Neue',Helvetica,sans-serif; color: #ffffff; background: #bd081c  no-repeat scroll 3px 50% \/ 14px 14px; position: absolute; opacity: 1; z-index: 8675309; display: none; cursor: pointer;\">Merken<\/span><\/p>\n","protected":false},"excerpt":{"rendered":"<p>Gl\u00fcck auf! und Herzlich Willkommen! Hier bloggt der G\u00e4stef\u00fchrer aus Leidenschaft \u00fcber viele bekannte und auch vielleicht eher unbekannte Dinge aus den Regionen Ruhrgebiet und Sauerland &#8211; gew\u00fcrzt mit einer Prise M\u00fcnsterland und Ostwestfalen. Und auch der Dunstkreis umzu fehlt &hellip; <a href=\"https:\/\/martin.brunsmann.org\/?page_id=2\">Weiterlesen <span class=\"meta-nav\">&rarr;<\/span><\/a><\/p>\n","protected":false},"author":1,"featured_media":0,"parent":0,"menu_order":5,"comment_status":"open","ping_status":"closed","template":"sidebar-page.php","meta":{"footnotes":""},"class_list":["post-2","page","type-page","status-publish","hentry"],"jetpack_sharing_enabled":true,"_links":{"self":[{"href":"https:\/\/martin.brunsmann.org\/index.php?rest_route=\/wp\/v2\/pages\/2","targetHints":{"allow":["GET"]}}],"collection":[{"href":"https:\/\/martin.brunsmann.org\/index.php?rest_route=\/wp\/v2\/pages"}],"about":[{"href":"https:\/\/martin.brunsmann.org\/index.php?rest_route=\/wp\/v2\/types\/page"}],"author":[{"embeddable":true,"href":"https:\/\/martin.brunsmann.org\/index.php?rest_route=\/wp\/v2\/users\/1"}],"replies":[{"embeddable":true,"href":"https:\/\/martin.brunsmann.org\/index.php?rest_route=%2Fwp%2Fv2%2Fcomments&post=2"}],"version-history":[{"count":46,"href":"https:\/\/martin.brunsmann.org\/index.php?rest_route=\/wp\/v2\/pages\/2\/revisions"}],"predecessor-version":[{"id":899,"href":"https:\/\/martin.brunsmann.org\/index.php?rest_route=\/wp\/v2\/pages\/2\/revisions\/899"}],"wp:attachment":[{"href":"https:\/\/martin.brunsmann.org\/index.php?rest_route=%2Fwp%2Fv2%2Fmedia&parent=2"}],"curies":[{"name":"wp","href":"https:\/\/api.w.org\/{rel}","templated":true}]}}